{"id":10411,"date":"2015-04-13T08:31:19","date_gmt":"2015-04-13T08:31:19","guid":{"rendered":"http:\/\/www.riveraj.hr\/?page_id=10411"},"modified":"2018-01-04T14:00:04","modified_gmt":"2018-01-04T14:00:04","slug":"cjenik","status":"publish","type":"page","link":"http:\/\/www.riveraj.hr\/?page_id=10411&lang=hr","title":{"rendered":"Op\u0107i uvjeti"},"content":{"rendered":"<ul>\n<li>Ku\u0107a se iznajmljuje isklju\u010divo u cijelosti sa svim sadr\u017eajima<\/li>\n<li>Mogu\u0107nost najma ku\u0107e na\u00a0kra\u0107i period po dogovoru<\/li>\n<li>Za boravak od 8 i vi\u0161e dana: jedan dan je gratis<\/li>\n<li>Dje\u010dji kreveti\u0107 mo\u017eemo osigurati na zahtjev<\/li>\n<li>Vrijeme dolaska od 15:00<\/li>\n<li>Vrijeme odlaska do 10:00<\/li>\n<li>Cijena najma uklju\u010duje boravak maksimalno 8 odraslih osoba, djeca iznad 12 godina ra\u010dunaju se kao odrasle osobe<\/li>\n<li>Uklju\u010deno u cijenu najma:\n<ul>\n<li>kori\u0161tenje cijele ku\u0107e, oku\u0107nice i prate\u0107ih sadr\u017eaja<\/li>\n<li>tro\u0161kovi re\u017eija<\/li>\n<li>zavr\u0161no \u010di\u0161\u0107enje<\/li>\n<li>boravi\u0161na pristojba<\/li>\n<li>PDV<\/li>\n<li>kori\u0161tenje jacuzzi bazena za tjedni najam u mjesecima svibanj \u2013 rujan<\/li>\n<\/ul>\n<\/li>\n<\/ul>\n<p><strong>Napomena:<\/strong> kori\u0161tenje jacuzzi bazena za kra\u0107i najam ili kori\u0161tenje u ostalim mjesecima prema dogovoru<\/p>\n<ul>\n<li>Rezervacija termina pla\u0107anjem 30% ukupnog iznosa prema ponudi<\/li>\n<li>Pla\u0107anje u cijelosti iznosa najma prije dolaska prema dostavljenoj ponudi<\/li>\n<li>Uplata se vr\u0161i na broj ra\u010duna prema primljenoj ponudi<\/li>\n<li>U slu\u010daju otkazivanja iznos rezervacije se zadr\u017eava. U slu\u010daju otkazivanja termina najkasnije mjesec dana prije rezerviranog termina mogu\u0107e je prebaciti rezervaciju na novi raspolo\u017eivi termin.<\/li>\n<\/ul>\n<p>&nbsp;<\/p>\n","protected":false},"excerpt":{"rendered":"<p>Ku\u0107a se iznajmljuje isklju\u010divo u cijelosti sa svim sadr\u017eajima Mogu\u0107nost najma ku\u0107e na\u00a0kra\u0107i period po dogovoru Za boravak od 8 i vi\u0161e dana: jedan dan je gratis Dje\u010dji kreveti\u0107 mo\u017eemo osigurati na zahtjev Vrijeme dolaska od 15:00 Vrijeme odlaska do 10:00 Cijena najma uklju\u010duje boravak maksimalno 8 odraslih osoba, djeca iznad 12 godina ra\u010dunaju se [&hellip;]<\/p>\n","protected":false},"author":1,"featured_media":0,"parent":0,"menu_order":0,"comment_status":"closed","ping_status":"closed","template":"","meta":[],"categories":[],"tags":[],"_links":{"self":[{"href":"http:\/\/www.riveraj.hr\/index.php?rest_route=\/wp\/v2\/pages\/10411"}],"collection":[{"href":"http:\/\/www.riveraj.hr\/index.php?rest_route=\/wp\/v2\/pages"}],"about":[{"href":"http:\/\/www.riveraj.hr\/index.php?rest_route=\/wp\/v2\/types\/page"}],"author":[{"embeddable":true,"href":"http:\/\/www.riveraj.hr\/index.php?rest_route=\/wp\/v2\/users\/1"}],"replies":[{"embeddable":true,"href":"http:\/\/www.riveraj.hr\/index.php?rest_route=%2Fwp%2Fv2%2Fcomments&post=10411"}],"version-history":[{"count":6,"href":"http:\/\/www.riveraj.hr\/index.php?rest_route=\/wp\/v2\/pages\/10411\/revisions"}],"predecessor-version":[{"id":10517,"href":"http:\/\/www.riveraj.hr\/index.php?rest_route=\/wp\/v2\/pages\/10411\/revisions\/10517"}],"wp:attachment":[{"href":"http:\/\/www.riveraj.hr\/index.php?rest_route=%2Fwp%2Fv2%2Fmedia&parent=10411"}],"wp:term":[{"taxonomy":"category","embeddable":true,"href":"http:\/\/www.riveraj.hr\/index.php?rest_route=%2Fwp%2Fv2%2Fcategories&post=10411"},{"taxonomy":"post_tag","embeddable":true,"href":"http:\/\/www.riveraj.hr\/index.php?rest_route=%2Fwp%2Fv2%2Ftags&post=10411"}],"curies":[{"name":"wp","href":"https:\/\/api.w.org\/{rel}","templated":true}]}}