{"id":9111,"date":"2013-08-12T11:26:54","date_gmt":"2013-08-12T11:26:54","guid":{"rendered":"http:\/\/design.thinkupthemes.com\/test1\/?page_id=8995"},"modified":"2015-10-15T07:16:06","modified_gmt":"2015-10-15T07:16:06","slug":"contact","status":"publish","type":"page","link":"http:\/\/www.riveraj.hr\/?page_id=9111&lang=hr","title":{"rendered":"KONTAKT"},"content":{"rendered":"<div id=\"pg-9111-0\"  class=\"panel-grid\" ><div class=\"panel-grid-core\"><div id=\"pgc-9111-0-0\"  class=\"panel-grid-cell\" ><div class=\"panel-widget-style\" ><h1 style=\"font-style: normal;\"><span>Pi\u0161ite nam!<\/span><\/h1><\/div><div class=\"panel-widget-style\" ><h1 style=\"font-size: 14px;font-style: normal;\"><span>Po\u0161aljite nam upit za rezervaciju ili nas kontaktirajte telefonski<\/span><\/h1><\/div><div class=\"panel-widget-style\" ><div class=\"animated start-fadeIn\" title=\"0\"><div role=\"form\" class=\"wpcf7\" id=\"wpcf7-f10150-o1\" lang=\"hr\" dir=\"ltr\">\n<div class=\"screen-reader-response\"><\/div>\n<form action=\"\/index.php?rest_route=%2Fwp%2Fv2%2Fpages%2F9111#wpcf7-f10150-o1\" method=\"post\" class=\"wpcf7-form\" novalidate=\"novalidate\">\n<div style=\"display: none;\">\n<input type=\"hidden\" name=\"_wpcf7\" value=\"10150\" \/>\n<input type=\"hidden\" name=\"_wpcf7_version\" value=\"5.1.4\" \/>\n<input type=\"hidden\" name=\"_wpcf7_locale\" value=\"hr\" \/>\n<input type=\"hidden\" name=\"_wpcf7_unit_tag\" value=\"wpcf7-f10150-o1\" \/>\n<input type=\"hidden\" name=\"_wpcf7_container_post\" value=\"0\" \/>\n<\/div>\n<p><span class=\"wpcf7-form-control-wrap your-name\"><input type=\"text\" name=\"your-name\" value=\"\" size=\"40\" class=\"wpcf7-form-control wpcf7-text wpcf7-validates-as-required\" aria-required=\"true\" aria-invalid=\"false\" placeholder=\"Ime i prezime\" \/><\/span><\/p>\n<p><span class=\"wpcf7-form-control-wrap your-email\"><input type=\"email\" name=\"your-email\" value=\"\" size=\"40\" class=\"wpcf7-form-control wpcf7-text wpcf7-email wpcf7-validates-as-required wpcf7-validates-as-email\" aria-required=\"true\" aria-invalid=\"false\" placeholder=\"Email\" \/><\/span> <\/p>\n<p><span class=\"wpcf7-form-control-wrap your-subject\"><input type=\"text\" name=\"your-subject\" value=\"\" size=\"40\" class=\"wpcf7-form-control wpcf7-text\" aria-invalid=\"false\" placeholder=\"Naslov\" \/><\/span> <\/p>\n<p><span class=\"wpcf7-form-control-wrap your-message\"><textarea name=\"your-message\" cols=\"40\" rows=\"10\" class=\"wpcf7-form-control wpcf7-textarea\" aria-invalid=\"false\" placeholder=\"Poruka\"><\/textarea><\/span> <\/p>\n<p><input type=\"submit\" value=\"Po\u0161alji\" class=\"wpcf7-form-control wpcf7-submit\" \/><\/p>\n<div class=\"wpcf7-response-output wpcf7-display-none\"><\/div><\/form><\/div><\/div><div class=\"clearboth\"><\/div><\/div><\/div><div id=\"pgc-9111-0-1\"  class=\"panel-grid-cell\" ><div class=\"panel-widget-style\" ><h1 style=\"font-style: normal;\"><span>O nama<\/span><\/h1><\/div><div class=\"panel-widget-style\" ><div class=\"animated start-fadeIn\" title=\"0\"><address><span style=\"color: #ff0000;\"><strong>Adresa:<\/strong><\/span> <span style=\"color: #000000;\">Gornji Zve\u010daj 164a<\/span><\/address><address><span style=\"color: #ff0000;\"><strong>Telefon:<\/strong><\/span> <span style=\"color: #000000;\">098\/304878 i 091\/3654111<\/span><\/address><address><span style=\"color: #ff0000;\"><strong>Email:<\/strong><\/span>\u00a0<span style=\"color: #000000;\">info@riveraj.hr<\/span><\/address><p>\u00a0<\/p><address><span style=\"color: #ff0000;\"><strong>Tvrtka:<\/strong><\/span> <span style=\"color: #000000;\">Tro\u0161kovnik d.o.o.<\/span><\/address><address><span style=\"color: #ff0000;\"><strong>Direktor:<\/strong><\/span> <span style=\"color: #000000;\">Dra\u017een Ivo\u0161evi\u0107<\/span><\/address><address><span style=\"color: #000000;\">Zagreba\u010dka banka 2360000-1102187232<\/span><\/address><address><span style=\"color: #000000;\">IBAN: HR8023600001102187232<\/span><\/address><address><span style=\"color: #000000;\">Temeljni kapital u iznosu od 487.300,00 kuna upla\u0107en u cijelosti<\/span><\/address><address><span style=\"color: #000000;\">OIB: 52870084764 MB: 2646358 MBS: 080731078<\/span><\/address><\/div><div class=\"clearboth\"><\/div><\/div><\/div><\/div><\/div>","protected":false},"excerpt":{"rendered":"<p>Pi\u0161ite nam!Po\u0161aljite nam upit za rezervaciju ili nas kontaktirajte telefonski O namaAdresa: Gornji Zve\u010daj 164aTelefon: 098\/304878 i 091\/3654111Email:\u00a0info@riveraj.hr\u00a0Tvrtka: Tro\u0161kovnik d.o.o.Direktor: Dra\u017een Ivo\u0161evi\u0107Zagreba\u010dka banka 2360000-1102187232IBAN: HR8023600001102187232Temeljni kapital u iznosu od 487.300,00 kuna upla\u0107en u cijelostiOIB: 52870084764 MB: 2646358 MBS: 080731078<\/p>\n","protected":false},"author":1,"featured_media":20,"parent":0,"menu_order":0,"comment_status":"closed","ping_status":"closed","template":"","meta":[],"categories":[],"tags":[],"_links":{"self":[{"href":"http:\/\/www.riveraj.hr\/index.php?rest_route=\/wp\/v2\/pages\/9111"}],"collection":[{"href":"http:\/\/www.riveraj.hr\/index.php?rest_route=\/wp\/v2\/pages"}],"about":[{"href":"http:\/\/www.riveraj.hr\/index.php?rest_route=\/wp\/v2\/types\/page"}],"author":[{"embeddable":true,"href":"http:\/\/www.riveraj.hr\/index.php?rest_route=\/wp\/v2\/users\/1"}],"replies":[{"embeddable":true,"href":"http:\/\/www.riveraj.hr\/index.php?rest_route=%2Fwp%2Fv2%2Fcomments&post=9111"}],"version-history":[{"count":26,"href":"http:\/\/www.riveraj.hr\/index.php?rest_route=\/wp\/v2\/pages\/9111\/revisions"}],"predecessor-version":[{"id":10514,"href":"http:\/\/www.riveraj.hr\/index.php?rest_route=\/wp\/v2\/pages\/9111\/revisions\/10514"}],"wp:featuredmedia":[{"embeddable":true,"href":"http:\/\/www.riveraj.hr\/index.php?rest_route=\/wp\/v2\/media\/20"}],"wp:attachment":[{"href":"http:\/\/www.riveraj.hr\/index.php?rest_route=%2Fwp%2Fv2%2Fmedia&parent=9111"}],"wp:term":[{"taxonomy":"category","embeddable":true,"href":"http:\/\/www.riveraj.hr\/index.php?rest_route=%2Fwp%2Fv2%2Fcategories&post=9111"},{"taxonomy":"post_tag","embeddable":true,"href":"http:\/\/www.riveraj.hr\/index.php?rest_route=%2Fwp%2Fv2%2Ftags&post=9111"}],"curies":[{"name":"wp","href":"https:\/\/api.w.org\/{rel}","templated":true}]}}